e 7 + 8 - (17 - 8).
6
Calculate -4 + 0 - (8 + 9 + -44 + 12).
11
Calculate (-11 - (-1 + -4)) + -3 - (40 + -31).
-18
Calculate -7 + -21 + 76 + -56.
-8
Evaluate -1 - -43 - (41 + -91 + 64).
28
What is -22 - (-12 - (14 + 5))?
9
What is the value of -4 + 2 + (-77 - -70)?
-9
What is the value of -4 + -1 - ((-17 - (-2 + -6)) + 13)?
-9
What is 15 - 6 - (0 + 0 + (82 - 89))?
16
Evaluate (5 - 5) + 5 + (-10 + 5 - 8).
-8
Evaluate -11 + 0 + 14 - 5 - 27.
-29
What is the value of (20 - -8) + 7 + -24?
11
2 + (-15 - 0) + -422 + 412
-23
What is 7 + (-2 - -1) - 13?
-7
Evaluate -5 - (1 - -7) - -22.
9
What is (-713 - -713) + (-1 + -1 - (0 + 4))?
-6
13 + (18 - 6) + -8 + -7
10
-6 - (-27 - -18 - -4 - 3)
2
-2 + -11 - (-42 + 35) - (-23 + 2)
15
What is the value of -7 - (3 + 1 - (3 + -4))?
-12
Calculate -21 + (75 - 70 - (2 - 1 - 1)).
-16
What is the value of (-22 - -11) + -4 + 4 + 16?
5
-10 + 0 - (21 - (14 + 11))
-6
What is the value of -129 + 89 - (-3 - 12)?
-25
What is -12 - 9 - (-3 + (4 + 5 - 2))?
-25
Calculate 8 - (2 - (-10 + -1)).
-5
What is the value of -32 + -1 - (-96 + 77)?
-14
Evaluate (609 - 602) + 3 + (-2 - -1).
9
Evaluate 30 - (1 + -8 + 6 + 12).
19
What is the value of -4 + 16 + 1 - (-2 - (-5 - -3))?
13
What is the value of 11 + -34 - -35 - 30?
-18
What is the value of 1 - (1 - (-2 + (10 - (3 - 7))))?
12
Calculate 3 + -26 - (-31 + 6 + 26).
-24
7 + 2 - (22 - 11) - 2
-4
Calculate -18 + (3 + -2 + 1 - -3).
-13
What is (-1 - (0 + -4 - -7)) + 2?
-2
What is -4 + (4 + -5 + 3 - (16 - 14))?
-4
Evaluate 21 + -34 - -14 - (-2 - (5 - 2)).
6
(1 - -13) + (-22 - (-8 + -1))
1
What is (-15 - (-1 + -7) - -6) + 11 + 1?
11
What is the value of 20 - 2 - (-145 - -163)?
0
8 - (-7 + (6 - -1))
8
Calculate -4 + -8 - (9 - 24) - 1.
2
What is -10 + (-11 + 15 + -7 - 0)?
-13
What is 0 - (33 - 13) - -14?
-6
Calculate (-36 - -15) + 1 + 10.
-10
What is the value of -2 + 0 + -7 - (11 + -6)?
-14
Evaluate 8 - 15 - 9 - (-58 + 31).
11
Evaluate -5 + 18 + -3 + (17 - (-23 - -24)).
26
Calculate 15 + 8 + -45 - (2 + (0 - -3)).
-27
Evaluate -10 - -1 - 1 - (142 + -144).
-8
What is 15 - (29 + (-17 - -3))?
0
Evaluate (120 - 98) + (-5 - -2) + -8.
11
What is the value of 1 - (-5 + (16 - (1 - (1 + -7))))?
-3
-82 - (42 - 86 - 3)
-35
What is the value of -12 + 1 - (-237 + 223)?
3
Evaluate -2 + 3 + (8 - 28 - -13) - -29.
23
Calculate 11 - (-7 + 1 + 5).
12
What is (-24 - (-7 - 45)) + (2 + 1 - 2)?
29
Calculate (19 - 2) + (59 + -40 - 18).
18
What is the value of 0 + (-6 - -2 - -7) - (6 - 1)?
-2
(-18 - (10 - 18) - -4) + (0 - 5)
-11
What is the value of -11 + (6 - (-11 + 11))?
-5
What is 11 + -18 + 2 + 1 - 0?
-4
Evaluate -4 + (0 - (7 - 1)) + 5 + 4.
-1
Evaluate (-4 - -14) + -72 + 55 - -12.
5
Evaluate 18 - (-23 + 8 + 24).
9
What is the value of -8 + (28 - 32) - (-5 - -4 - -4)?
-15
What is -508 + 475 + (15 - 1)?
-19
0 - (1 + 7) - (46 - (5 + 42))
-7
What is 12 + (-9 - -7) + 2?
12
Calculate (-6 + -5 - -34) + -46.
-23
What is the value of -13 - ((4 - 0) + -19 + 7)?
-5
What is the value of 23 + (-7 - 0) + -16?
0
What is the value of -16 - (21 + -26 + -18)?
7
What is 27 + 35 + -50 - (19 + -1)?
-6
What is (2 + 7 - -9) + -15?
3
Calculate -1163 + 1201 + (1 - -3) + -2 + -11.
29
Calculate -4 + 24 - 10 - (0 + 0).
10
Evaluate -3 + (-2 - 0) - (25 + -22).
-8
What is -8 + (0 + -9 - -11)?
-6
37 - 44 - ((-25 - 4) + 1)
21
Calculate 157 + -142 - (0 - -3).
12
Calculate (18 - 13) + -9 - (-8 + 1).
3
Calculate -1 + 9 + -2 + -17 + 13 + 7.
9
What is -9 - (26 - 16 - 24)?
5
What is the value of (-4 - 2) + (-18 - 1 - -9) + 8?
-8
16 + 17 + 22 + -46
9
Calculate 4 + -8 + 6 - (1 - (0 + 3)).
4
Evaluate 6 + (-33 - -21) - (-17 - -5).
6
Calculate (25 - 1 - (-2 + 7 + -1)) + -3.
17
What is (-46 - -86) + (-1 - -1 - (31 - 24))?
33
What is -36 + (-12 - (-20 - 6)) + 3?
-19
-5 + 9 + -5 + -3 - (45 - 42)
-7
Evaluate (-1 + 10 - 6) + -2 + 2.
3
Evaluate 12 + (-3 - -12) - 17 - 19.
-15
What is (2 + 26 - 2) + (-4 - (20 - 18))?
20
Calculate (-5 + 1 - (-123 + 109)) + -4.
6
Evaluate (5 - 1) + (-38 - (-21 + -2)).
-11
What is the value of 712 + -685 - (17 + 0)?
10
Calculate -9 + -31 + 36 + -26.
-30
What is the value of (1 - (-2 - (1 + 1 + 36))) + -6?
35
What is (9 - 4) + (5 - 0) + 1?
11
What is the value of (-33 + 15 - -11) + 16 + -1 + 0?
8
Calculate -2 + -11 + 58 + -48.
-3
(14 - 1) + -4 + -1 + 5 + -2
11
Calculate 17 + -2 - (13 - -6).
-4
What is 1 - (-12 - (9 + -12 - (3 + 0)))?
7
Calculate -4 - (-11 - -3 - -9) - (1 - 8).
2
Evaluate (1 - 0) + -14 + (-27 - -47) + -16.
-9
-11 + 3 - -13 - (-47 + 37)
15
Calculate -32 - (-18 + (11 - 12)).
-13
What is 5 - (0 + (-7 - 1) + 20)?
-7
(1 - -1) + -1 - (-3 - (9 - 45))
-32
What is the value of -7 - (112 - 111 - (1 + -4))?
-11
Calculate (-7 + 15 - -11) + -14.
5
What is 2 + 2 - ((22 - 9) + -9)?
0
What is (9 - ((-1 - -4) + 61 + -61)) + -16?
-10
What is 5 + (19 - 20) + (0 - (-2 - -10))?
-4
Evaluate -10 + (17 + -38 - -16).
-15
Evaluate (-24 - (-6 - 34)) + -21.
-5
0 + (-3 - -1) - 7 - -18
9
What is 19 + (-1 - 21) - -1?
-2
What is the value of 5 - (-2 - -5) - (-3 + 0) - 7?
-2
What is (29 - 67) + 41 - (-7 + 1)?
9
(-10 - (1 - 0)) + -10 + (5 - 0)
-16
What is -6 + 2 + -7 + (-29 - -21)?
-19
Evaluate 25 + 1 + (16 - 30).
12
What is -1 + -8 - (-7 + 23 - 24) - 0?
-1
Calculate 8 + -1 - (31 + 46 + -76).
6
What is the value of 3 + -18 + (15 - 7 - 4)?
-11
Calculate -183 - -185 - (-1 + -7) - -8.
18
Evaluate -5 + -18 + 35 + -1.
11
What is the value of 13 + 0 + -30 + 44 + -31?
-4
What is the value of 8 + -11 - (1 - ((-4 - -5) + 4))?
1
What is the value of (5 - 4) + ((0 - 2) + -7 - -3)?
-5
What is -19 - ((1 - -9) + (15 - 59))?
15
What is the value of (12 - (16 + 7)) + 21?
10
(0 + -2 - 0) + 6 + -3
1
Calculate 16 - (4 + 10 - -2 - 8).
8
Evaluate 30 + (-18 - -22 - 25).
9
Calculate -10 - (-8 + 2 + -51 + 18).
29
What is the value of 9 + (3 - (2 - 9)) + -40?
-21
What is -20 + 1 - (42 + (-13 - 33))?
-15
Evaluate 6 + 13 - (-29 + 47).
1
What is -11 - ((-13 - 3) + 14)?
-9
What is the value of 10 + -27 - (-2 + 10 + 2 - 3)?
-24
What is -4 + (3 - 5 - (-1 - 7))?
2
(7 - 40 - -21) + 26
14
Evaluate -5 + 32 + (-10 + -1 - -3).
19
Evaluate (13 + (-17 - -12) - 12) + -1.
-5
Calculate 5 + (-2 - 13) + (-29 - -5) + 14.
-20
What is the value of -80 + 74 + -1 + 32?
25
What is 15 + -13 + (-2 - (-3 + -3 + -7))?
13
What is the value of 1 - (3 + -8 + 17)?
-11
-3 + 10 - (63 + -6 + (-29 - -20))
-41
(-87 - (-24 - 80)) + (1 + -1 - -1)
18
Calculate (-23 - 19 - -12) + 12.
-18
Calculate 40 + (18 - 74) - -57.
41
Evaluate -1 + -1 - ((6 - (3 + -8)) + -6).
-7
What is the value of -1 - -7 - (11 + (-12 - -3) - -2)?
2
What is -21 + (-38 - -20) + 12?
-27
Calculate (15 - 19) + (-2 - -1) + 1 - 5.
-9
18 + (33 - (16 + 7))
28
Calculate (30 + -17 - (2 + 3)) + (-3 - -2).
7
What is the value of 2 - (2 + -4) - (49 + -39 - 6)?
0
Evaluate 11 + -28 + (11 - 6).
-12
(-18 - -4) + 7 - (-17 + 7)
3
Evaluate 1 - (-2 - 5) - (-14 - (-7 + -10)).
5
Evaluate 0 - (5 + -3 + -11 + 5) - 11.
-7
18 + (34 - 46) + 20
26
What is the value of (-1 - (-8 + 9 - 0)) + 4?
2
(-15 + -4 - -9) + 23
13
What is (18 + -13 - -24) + -21?
8
Calculate -1 - -19 - 12 - (29 - 10).
-13
Evaluate -8 - (3 + 5 + 0 + -3 - 2).
-11
(21 - 2) + 10 + (-19 - -5) + 1
16
What is the value of -25 + -2 + 16 + 4 + -1 + -17?
-25
-5 + 1 + (-2 - 16 - -9)
-13
Calculate (-1 - 3 - 0 - -7) + -5 - 13.
-15
Calculate -10 - ((8 - 62) + 14 + 20).
10
Calculate (-13 - -2) + (7 - ((-1 - -7) + -45)).
35
What is (29 - 1) + (73 - 86)?
15
17 - (21 - 23) - (2 - 2)
19
Calculate -1 + (6 - -1) + 115 + -120 + 1.
2
What is the value of 21 + -3 + -17 + -1 + 1?
1
Calculate (13 - 0) + (5 - (5 - 3)).
16
Calculate (5 - 4 - -2) + -11 + 8 - -22.
22
Evaluate 3 - (15 + -16) - (-6 - 0).
10
What is the value of 14 + (-24 - -13) + (1 - 9)?
-5
What is -39 - (53 - 36 - 24)?
-32
What is -22 - (28 + 3 + -49)?
-4
What is the value of -30 + (14 - 14) + 19?
-11
Calculate (-12 - 0) + (21 - 17) - -14.
6
(4 - 3 - 0) + -13 + (4 - 0)
-8
15 - (15 + (-25 - -33))
-8
Calculate 29 + (-14 - -12 - 14).
13
Calculate 0 + -5 + -9 + 25.
11
What is -28 + (8 - (-11 - -2))?
-11
20 + (-2 - 10) + (-134 - -150)
24
Calculate -1180 - -1188 - (-21 + 1).
28
Calculate -24 + 12 + -18 - -11.
-19
Calculate 2 + -9 - (8 - (3 - 0)).
-12
Evaluate 0 + (-3 - -22) + (-55 - -49).
13
What is the value of -31 + (2 - -15) + -6?
-20
Evaluate (89 - (-72 + 165)) + (